nder when 53784 is divided by 289.
30
Calculate the remainder when 5363 is divided by 896.
883
Calculate the remainder when 17943 is divided by 2493.
492
Calculate the remainder when 31818 is divided by 272.
266
What is the remainder when 802693 is divided by 311?
2
Calculate the remainder when 514 is divided by 52.
46
What is the remainder when 50093 is divided by 214?
17
What is the remainder when 133 is divided by 107?
26
What is the remainder when 22957 is divided by 82?
79
Calculate the remainder when 301700 is divided by 43.
12
Calculate the remainder when 1615 is divided by 199.
23
Calculate the remainder when 6923 is divided by 862.
27
What is the remainder when 2194 is divided by 344?
130
What is the remainder when 56896 is divided by 372?
352
What is the remainder when 8025 is divided by 800?
25
Calculate the remainder when 16593 is divided by 31.
8
Calculate the remainder when 5627 is divided by 352.
347
What is the remainder when 13089 is divided by 177?
168
What is the remainder when 92448 is divided by 116?
112
What is the remainder when 1485614 is divided by 176?
174
What is the remainder when 13668 is divided by 177?
39
Calculate the remainder when 10869226 is divided by 7.
4
What is the remainder when 28878 is divided by 12?
6
What is the remainder when 15942 is divided by 280?
262
Calculate the remainder when 263477 is divided by 87763.
188
Calculate the remainder when 951765 is divided by 18.
15
Calculate the remainder when 125169 is divided by 1508.
5
Calculate the remainder when 1473 is divided by 170.
113
What is the remainder when 107361 is divided by 53670?
21
What is the remainder when 2823 is divided by 1398?
27
What is the remainder when 262795 is divided by 15?
10
Calculate the remainder when 12106 is divided by 558.
388
What is the remainder when 22889424 is divided by 14?
12
What is the remainder when 4267 is divided by 93?
82
Calculate the remainder when 123154 is divided by 51.
40
What is the remainder when 552 is divided by 100?
52
Calculate the remainder when 343856 is divided by 114578.
122
Calculate the remainder when 741 is divided by 381.
360
Calculate the remainder when 26680 is divided by 1898.
108
Calculate the remainder when 155 is divided by 34.
19
Calculate the remainder when 694 is divided by 322.
50
What is the remainder when 4145 is divided by 26?
11
What is the remainder when 1436 is divided by 283?
21
What is the remainder when 576 is divided by 219?
138
What is the remainder when 261087 is divided by 65262?
39
Calculate the remainder when 6746 is divided by 671.
36
Calculate the remainder when 1738 is divided by 565.
43
What is the remainder when 32486 is divided by 10?
6
Calculate the remainder when 4689 is divided by 1260.
909
Calculate the remainder when 984473 is divided by 1758.
1751
What is the remainder when 61718 is divided by 60?
38
Calculate the remainder when 182411 is divided by 26.
21
What is the remainder when 200134 is divided by 3126?
70
Calculate the remainder when 2126 is divided by 59.
2
Calculate the remainder when 36232 is divided by 12056.
64
What is the remainder when 46776 is divided by 9346?
46
What is the remainder when 742834 is divided by 53059?
8
Calculate the remainder when 692151 is divided by 107.
75
What is the remainder when 35434 is divided by 5061?
7
Calculate the remainder when 1350 is divided by 579.
192
What is the remainder when 48826 is divided by 213?
49
What is the remainder when 5206 is divided by 1460?
826
Calculate the remainder when 2738 is divided by 2734.
4
What is the remainder when 1687 is divided by 33?
4
What is the remainder when 622708 is divided by 561?
559
What is the remainder when 2404931 is divided by 12?
11
Calculate the remainder when 20678 is divided by 3446.
2
Calculate the remainder when 1929 is divided by 266.
67
What is the remainder when 2402026 is divided by 92?
90
What is the remainder when 3127 is divided by 60?
7
Calculate the remainder when 100383 is divided by 881.
830
Calculate the remainder when 1132 is divided by 9.
7
Calculate the remainder when 11011 is divided by 11000.
11
What is the remainder when 653 is divided by 147?
65
What is the remainder when 541076 is divided by 270508?
60
Calculate the remainder when 74196 is divided by 212.
208
Calculate the remainder when 3542 is divided by 88.
22
What is the remainder when 12208 is divided by 6067?
74
Calculate the remainder when 450209 is divided by 141.
137
What is the remainder when 3005673 is divided by 522?
519
What is the remainder when 11413 is divided by 200?
13
Calculate the remainder when 177011 is divided by 1142.
1
Calculate the remainder when 256500 is divided by 39.
36
Calculate the remainder when 78622 is divided by 66.
16
What is the remainder when 2050558 is divided by 60?
58
Calculate the remainder when 203293 is divided by 15.
13
Calculate the remainder when 11506 is divided by 42.
40
Calculate the remainder when 3052 is divided by 2820.
232
What is the remainder when 30171 is divided by 6013?
106
What is the remainder when 671967 is divided by 664?
663
Calculate the remainder when 3624 is divided by 2167.
1457
Calculate the remainder when 4880 is divided by 1337.
869
Calculate the remainder when 8499 is divided by 114.
63
What is the remainder when 1760 is divided by 93?
86
Calculate the remainder when 24377 is divided by 1109.
1088
Calculate the remainder when 16276 is divided by 2317.
57
What is the remainder when 2631 is divided by 22?
13
Calculate the remainder when 36185 is divided by 10.
5
What is the remainder when 13654 is divided by 1943?
53
Calculate the remainder when 64506 is divided by 32230.
46
Calculate the remainder when 47519 is divided by 108.
107
What is the remainder when 28190 is divided by 9381?
47
What is the remainder when 1954 is divided by 1120?
834
What is the remainder when 9009 is divided by 2987?
48
Calculate the remainder when 4737 is divided by 135.
12
Calculate the remainder when 280231 is divided by 46.
45
Calculate the remainder when 61174 is divided by 186.
166
What is the remainder when 821 is divided by 49?
37
Calculate the remainder when 43379 is divided by 44.
39
What is the remainder when 10990 is divided by 25?
15
Calculate the remainder when 28921 is divided by 32.
25
What is the remainder when 3784 is divided by 1255?
19
What is the remainder when 155763 is divided by 19470?
3
What is the remainder when 374867 is divided by 273?
38
What is the remainder when 561079 is divided by 83?
82
What is the remainder when 62876 is divided by 1164?
20
What is the remainder when 13392 is divided by 1912?
8
Calculate the remainder when 1157516 is divided by 1560.
1556
Calculate the remainder when 215854 is divided by 43.
37
Calculate the remainder when 29657 is divided by 1288.
33
Calculate the remainder when 175766 is divided by 508.
506
Calculate the remainder when 5273 is divided by 194.
35
Calculate the remainder when 6655 is divided by 5.
0
Calculate the remainder when 504427 is divided by 730.
727
Calculate the remainder when 34208 is divided by 1800.
8
Calculate the remainder when 5520 is divided by 281.
181
What is the remainder when 16393 is divided by 746?
727
Calculate the remainder when 59897 is divided by 100.
97
What is the remainder when 2730 is divided by 25?
5
What is the remainder when 10755 is divided by 10717?
38
What is the remainder when 1302361 is divided by 767?
762
Calculate the remainder when 3440457 is divided by 102.
99
What is the remainder when 29682 is divided by 4240?
2
What is the remainder when 12026 is divided by 1620?
686
Calculate the remainder when 7886 is divided by 2607.
65
Calculate the remainder when 1585 is divided by 491.
112
What is the remainder when 16977 is divided by 396?
345
What is the remainder when 1899 is divided by 51?
12
What is the remainder when 293469 is divided by 12?
9
Calculate the remainder when 28261 is divided by 4.
1
What is the remainder when 9736 is divided by 112?
104
What is the remainder when 690929 is divided by 11?
8
Calculate the remainder when 1267 is divided by 8.
3
What is the remainder when 14199 is divided by 1009?
73
Calculate the remainder when 11475 is divided by 117.
9
Calculate the remainder when 6901 is divided by 248.
205
Calcula